{"id":393,"date":"2019-01-08T13:13:57","date_gmt":"2019-01-08T15:13:57","guid":{"rendered":"http:\/\/www2.bage.ifsul.edu.br\/encif\/?page_id=393"},"modified":"2019-10-18T20:01:43","modified_gmt":"2019-10-18T23:01:43","slug":"expediente","status":"publish","type":"page","link":"http:\/\/www2.bage.ifsul.edu.br\/encif2019\/index.php\/expediente\/","title":{"rendered":"Expediente"},"content":{"rendered":"<h5>Comiss\u00e3o\u00a0Cient\u00edfica<\/h5>\n<p><strong>Aline Leal (Respons\u00e1vel)<\/strong> \u2013 Doutorado em Educa\u00e7\u00e3o em Ci\u00eancias<br \/>\nAriela Purper \u2013 Especializa\u00e7\u00e3o em Acupuntura Veterin\u00e1ria<br \/>\nCarlos Eduardo Schaedler \u2013 Doutorado em Fitossanidade<br \/>\nCarolina Mendon\u00e7a Fernandes de Barros \u2013 Doutorado em Educa\u00e7\u00e3o<br \/>\nDiego de Abreu Porcellis \u2013 Mestrado em Modelagem Computacional<br \/>\nEmilena Teixeira Munhoz \u2013 Gradua\u00e7\u00e3o em Psicologia<br \/>\nFabr\u00edcio da Silva Barboza \u2013 Doutorado em Manejo e Conserva\u00e7\u00e3o do Solo e da \u00c1gua<br \/>\nFrancine Fernandes Ara\u00fajo \u2013 Mestrado em Educa\u00e7\u00e3o Matem\u00e1tica<br \/>\nGisele Aparecida Vivan \u2013 Doutorado em Engenharia Agr\u00edcola<br \/>\nGiulia D Avila Viiera \u2013 Mestrado em Ci\u00eancias<br \/>\nJosiane Redmer Hinz \u2013 Doutorado em Lingu\u00edstica<br \/>\nLeandra Zafalon Jaekel \u2013 Doutorado em Tecnologia de Alimentos<br \/>\nM\u00e1rcio Espinosa de Farias \u2013 Doutorado em Agronomia<br \/>\nMax Lindoberto Gon\u00e7alves \u2013 Gradua\u00e7\u00e3o em Ci\u00eancias \u2013 Habilita\u00e7\u00e3o Matem\u00e1tica<br \/>\nRafael Rodrigues Bastos \u2013 Mestrado em Ci\u00eancia da Computa\u00e7\u00e3o<br \/>\nRafael Hansen Madail \u2013 Doutorado em Fisiologia Vegetal<br \/>\nRaquel Silviana Neitzke \u2013 Doutorado em Agronomia<br \/>\nRoger Junges da Costa \u2013 Doutorado em Ci\u00eancia e Tecnologia de Alimentos<br \/>\nSamuel Rodrigues F\u00e9lix \u2013 Doutorado em Veterin\u00e1ria<br \/>\nSarah Lemos Cogo \u2013 Doutorado em Ci\u00eancia e Tecnologia de Alimentos<br \/>\nStela Maris Meister Meira \u2013 Doutorado em Ci\u00eancia e Tecnologia de Alimentos<br \/>\nThain\u00e1 Pedroso Machado \u2013 Gradua\u00e7\u00e3o em Licenciatura em Qu\u00edmica<br \/>\nThales Vaz Maciel \u2013 Mestrado em Engenharia da Computa\u00e7\u00e3o<\/p>\n<p><strong><br \/>\n<\/strong><strong>Periodicidade da publica\u00e7\u00e3o:<\/strong>\u00a0Anual<\/p>\n<p><strong>Idiomas que ser\u00e3o aceitos os artigos:<\/strong>\u00a0Portugu\u00eas e espanhol<br \/>\n<strong>Autor corporativo: <\/strong>Instituto Federal de Educa\u00e7\u00e3o, Ci\u00eancia e Tecnologia Sul-rio-grandense (IFSul) C\u00e2mpus Bag\u00e9<br \/>\n<strong>Endere\u00e7o:<\/strong>\u00a0Av.\u00a0Leonel de Moura Brizola, 2501 &#8211; Pedra Branca &#8211; Bag\u00e9-RS<\/p>\n","protected":false},"excerpt":{"rendered":"<p>Comiss\u00e3o\u00a0Cient\u00edfica Aline Leal (Respons\u00e1vel) \u2013 Doutorado em Educa\u00e7\u00e3o em Ci\u00eancias Ariela Purper \u2013 Especializa\u00e7\u00e3o em Acupuntura Veterin\u00e1ria Carlos Eduardo Schaedler \u2013 Doutorado em Fitossanidade Carolina Mendon\u00e7a Fernandes de Barros \u2013 Doutorado em Educa\u00e7\u00e3o Diego de Abreu Porcellis \u2013 Mestrado em Modelagem Computacional Emilena Teixeira Munhoz \u2013 Gradua\u00e7\u00e3o em Psicologia Fabr\u00edcio da Silva Barboza \u2013 Doutorado [&hellip;]<\/p>\n","protected":false},"author":1,"featured_media":0,"parent":0,"menu_order":0,"comment_status":"closed","ping_status":"closed","template":"","meta":[],"_links":{"self":[{"href":"http:\/\/www2.bage.ifsul.edu.br\/encif2019\/index.php\/wp-json\/wp\/v2\/pages\/393"}],"collection":[{"href":"http:\/\/www2.bage.ifsul.edu.br\/encif2019\/index.php\/wp-json\/wp\/v2\/pages"}],"about":[{"href":"http:\/\/www2.bage.ifsul.edu.br\/encif2019\/index.php\/wp-json\/wp\/v2\/types\/page"}],"author":[{"embeddable":true,"href":"http:\/\/www2.bage.ifsul.edu.br\/encif2019\/index.php\/wp-json\/wp\/v2\/users\/1"}],"replies":[{"embeddable":true,"href":"http:\/\/www2.bage.ifsul.edu.br\/encif2019\/index.php\/wp-json\/wp\/v2\/comments?post=393"}],"version-history":[{"count":9,"href":"http:\/\/www2.bage.ifsul.edu.br\/encif2019\/index.php\/wp-json\/wp\/v2\/pages\/393\/revisions"}],"predecessor-version":[{"id":447,"href":"http:\/\/www2.bage.ifsul.edu.br\/encif2019\/index.php\/wp-json\/wp\/v2\/pages\/393\/revisions\/447"}],"wp:attachment":[{"href":"http:\/\/www2.bage.ifsul.edu.br\/encif2019\/index.php\/wp-json\/wp\/v2\/media?parent=393"}],"curies":[{"name":"wp","href":"https:\/\/api.w.org\/{rel}","templated":true}]}}