{"id":6,"date":"2015-05-28T14:00:47","date_gmt":"2015-05-28T14:00:47","guid":{"rendered":"http:\/\/127.0.0.1\/wordpress\/?page_id=4"},"modified":"2019-09-05T14:34:03","modified_gmt":"2019-09-05T17:34:03","slug":"home","status":"publish","type":"page","link":"http:\/\/www2.bage.ifsul.edu.br\/encif2019\/","title":{"rendered":"Encontro de Ci\u00eancia e Tecnologia do IFSul &#8211; C\u00e2mpus Bag\u00e9"},"content":{"rendered":"<p style=\"text-align: justify;\">O 5\u00ba ENCIF &#8211; Encontro de Ci\u00eancia e Tecnologia do IFSul, que ocorre de <strong>23 a 26 de novembro de 2019<\/strong>, \u00e9 um evento que, intenciona promover e incentivar a\u00e7\u00f5es de pesquisa atrav\u00e9s da divulga\u00e7\u00e3o de trabalhos de inicia\u00e7\u00e3o cient\u00edfica, ensino, extens\u00e3o e de inova\u00e7\u00e3o tecnol\u00f3gica. Al\u00e9m disso, busca-se com o evento aproximar a comunidade escolar do IFSul C\u00e2mpus Bag\u00e9 \u00e0s diferentes redes de ensino (municipal, estadual, particular e universidades) e comunidade externa, assim como outros campi e demais Institutos.<\/p>\n","protected":false},"excerpt":{"rendered":"<p>O 5\u00ba ENCIF &#8211; Encontro de Ci\u00eancia e Tecnologia do IFSul, que ocorre de 23 a 26 de novembro de 2019, \u00e9 um evento que, intenciona promover e incentivar a\u00e7\u00f5es de pesquisa atrav\u00e9s da divulga\u00e7\u00e3o de trabalhos de inicia\u00e7\u00e3o cient\u00edfica, ensino, extens\u00e3o e de inova\u00e7\u00e3o tecnol\u00f3gica. Al\u00e9m disso, busca-se com o evento aproximar a comunidade [&hellip;]<\/p>\n","protected":false},"author":1,"featured_media":0,"parent":0,"menu_order":0,"comment_status":"closed","ping_status":"closed","template":"","meta":[],"_links":{"self":[{"href":"http:\/\/www2.bage.ifsul.edu.br\/encif2019\/index.php\/wp-json\/wp\/v2\/pages\/6"}],"collection":[{"href":"http:\/\/www2.bage.ifsul.edu.br\/encif2019\/index.php\/wp-json\/wp\/v2\/pages"}],"about":[{"href":"http:\/\/www2.bage.ifsul.edu.br\/encif2019\/index.php\/wp-json\/wp\/v2\/types\/page"}],"author":[{"embeddable":true,"href":"http:\/\/www2.bage.ifsul.edu.br\/encif2019\/index.php\/wp-json\/wp\/v2\/users\/1"}],"replies":[{"embeddable":true,"href":"http:\/\/www2.bage.ifsul.edu.br\/encif2019\/index.php\/wp-json\/wp\/v2\/comments?post=6"}],"version-history":[{"count":25,"href":"http:\/\/www2.bage.ifsul.edu.br\/encif2019\/index.php\/wp-json\/wp\/v2\/pages\/6\/revisions"}],"predecessor-version":[{"id":414,"href":"http:\/\/www2.bage.ifsul.edu.br\/encif2019\/index.php\/wp-json\/wp\/v2\/pages\/6\/revisions\/414"}],"wp:attachment":[{"href":"http:\/\/www2.bage.ifsul.edu.br\/encif2019\/index.php\/wp-json\/wp\/v2\/media?parent=6"}],"curies":[{"name":"wp","href":"https:\/\/api.w.org\/{rel}","templated":true}]}}