{"id":7,"date":"2015-05-28T14:01:11","date_gmt":"2015-05-28T17:01:11","guid":{"rendered":"http:\/\/127.0.0.1\/wordpress\/?page_id=7"},"modified":"2022-11-08T16:52:49","modified_gmt":"2022-11-08T19:52:49","slug":"programacao","status":"publish","type":"page","link":"http:\/\/www2.bage.ifsul.edu.br\/encif2022\/index.php\/programacao\/","title":{"rendered":"Programa\u00e7\u00e3o"},"content":{"rendered":"<h1 style=\"text-align: center;\">09 de novembro de 2022<\/h1>\n<h3 style=\"text-align: center;\">NOITE<\/h3>\n<p style=\"text-align: justify;\">19:00 &#8211; Apresenta\u00e7\u00e3o Cultural<br \/>19:30 &#8211; Palestra de Abertura do Evento &#8211; &#8220;Ci\u00eancia e Tecnologia em Tempos de Pandemia&#8221; &#8211; Daniel Arsand<\/p>\n<h1 style=\"text-align: center;\">10 de novembro de 2022<\/h1>\n<h3 style=\"text-align: center;\">MANH\u00c3<\/h3>\n<p style=\"text-align: justify;\">08:30 \u2013 12:00 &#8211; Apresenta\u00e7\u00e3o de p\u00f4steres &#8211; Ensino Fundamental<br \/>08:30 \u2013 12:00 &#8211; Oficinas e Minicursos<br \/>09:00 \u2013 10:00 &#8211; Avalia\u00e7\u00e3o dos P\u00f4steres<\/p>\n<h3 style=\"text-align: center;\">TARDE<\/h3>\n<p style=\"text-align: justify;\">13:30 \u2013 17:30 &#8211; Apresenta\u00e7\u00e3o de p\u00f4steres &#8211; Ensino M\u00e9dio<br \/>13:30 \u2013 17:30 &#8211; Oficinas e Minicursos<br \/>15:00 \u2013 16:00 &#8211; Avalia\u00e7\u00e3o dos P\u00f4steres<\/p>\n<h3 style=\"text-align: center;\">NOITE<\/h3>\n<p style=\"text-align: justify;\">19:00 &#8211; Mostra de Trabalhos para os cursos de Tecnologia em Alimentos e Tecnologia em An\u00e1lise e Desenvolvimento de Sistemas<\/p>\n<h1 style=\"text-align: center;\">11 de novembro de 2022<\/h1>\n<h3 style=\"text-align: center;\">MANH\u00c3<\/h3>\n<p style=\"text-align: justify;\">08:30 \u2013 12:00 &#8211; Apresenta\u00e7\u00f5es Orais<\/p>\n<h3 style=\"text-align: center;\">TARDE<\/h3>\n<p style=\"text-align: justify;\">13:30 \u2013 16:30 &#8211; Apresenta\u00e7\u00f5es Orais<br \/>17:00 &#8211; Premia\u00e7\u00f5es<\/p>\n<h2 style=\"text-align: center;\">Oficinas e minicursos<\/h2>\n<h3 style=\"text-align: center;\">10 de novembro de 2022<\/h3>\n<h4>Oficinas<\/h4>\n<p>T\u00edtulo: Cultivo de Suculentas: cuidados b\u00e1sicos<br \/>Ministrante: Emilena Munhoz<br \/>Turno: Tarde<br \/>Dura\u00e7\u00e3o: 2 horas<br \/>Vagas: 25<br \/>Local: Sala de aula 201 \u2013 Bloco Salas<\/p>\n<p>T\u00edtulo: Utiliza\u00e7\u00e3o de fitoprotetores\u00a0no manejo de doen\u00e7as de plantas<br \/>Ministrante: Adriane da Fonseca Duarte e Vivian Brusius Cassal<br \/>Turno: Manh\u00e3 ou tarde<br \/>Hor\u00e1rio: 10h30 \u00e0s 12h30 ou 15h30 \u00e0s 17h30<br \/>Vagas: 15<br \/>Local: Garagem do Bloco Agropecu\u00e1ria<\/p>\n<p>T\u00edtulo: Produ\u00e7\u00e3o e visualiza\u00e7\u00e3o de l\u00e2minas de doen\u00e7as f\u00fangicas de plantas<br \/>Ministrante: Viviane Aires de Paula<br \/>Turno: Manh\u00e3 e tarde<br \/>Dura\u00e7\u00e3o: 2 horas<br \/>Vagas: 6<br \/>Local: Laborat\u00f3rio de Microbiologia \u2013 Bloco Agroind\u00fastria<\/p>\n<p>T\u00edtulo: Poda de \u00e1rvores de sombra<br \/>Ministrante: Rodrigo de Morais Kanaan<br \/>Turno: Manh\u00e3 e tarde<br \/>Dura\u00e7\u00e3o: 6 horas<br \/>Vagas: 20<br \/>Local: Sala de aula 202 &#8211; Bloco Salas (turno da manh\u00e3) e jardins do C\u00e2mpus (turno da tarde)<\/p>\n<p>T\u00edtulo: Elabora\u00e7\u00e3o e processamento de ambrosia<br \/>Ministrante: M\u00e1rcia Silveira<br \/>Turno: Manh\u00e3<br \/>Dura\u00e7\u00e3o: 3 horas<br \/>Vagas: 10<br \/>Local: Laborat\u00f3rio de Panifica\u00e7\u00e3o \u2013 Bloco Agroind\u00fastria<\/p>\n<h4>Minicursos<\/h4>\n<p>T\u00edtulo: Ferramentas digitais para simplificar a elabora\u00e7\u00e3o de trabalhos <br \/>Acad\u00eamicos<br \/>Ministrante: Fernanda Maria Corr\u00eaa<br \/>Turno: Manh\u00e3<br \/>Dura\u00e7\u00e3o: 3 horas<br \/>Vagas: 20<br \/>Local: Laborat\u00f3rio de Inform\u00e1tica \u2013 Bloco Conviv\u00eancia<\/p>\n<p>T\u00edtulo: Hist\u00f3ria e Moda na s\u00e9rie Stranger Things<br \/>Ministrante: Laura Ferrazza de Lima<br \/>Turno: Tarde<br \/>Dura\u00e7\u00e3o: 2 horas<br \/>Vagas: 30<br \/>Local: Sala de aula 204 &#8211; Bloco Salas<\/p>\n<p>T\u00edtulo: O cen\u00e1rio da olivicultura no Rio Grande do Sul e os azeites produzidos<br \/>Ministrante: Luciane Gomes\u00a0<br \/>Turno: Manh\u00e3 ou tarde<br \/>Dura\u00e7\u00e3o: 4 horas<br \/>Vagas: 15 em cada turno<br \/>Local: Salas de aula 208 \u2013 Bloco Salas<\/p>\n<p>T\u00edtulo: \u00c1caros de import\u00e2ncia agr\u00edcola: fit\u00f3fagos e predadores<br \/>Ministrante: Adriane da Fonseca Duarte<br \/>Turno: Manh\u00e3 ou tarde<br \/>Hor\u00e1rio: 08h30 \u00e0s 10h30 ou 13h30 \u00e0s 15h30<br \/>Vagas: 15 em cada turno<br \/>Local: Salas de aula 209 \u2013 Bloco Salas<\/p>\n<p>T\u00edtulo: Reda\u00e7\u00e3o e comunica\u00e7\u00e3o cient\u00edfica e acad\u00eamica<br \/>Ministrantes: Carlos Eduardo Schaedler e Samuel F\u00e9lix Rodrigues<br \/>Turno: Manh\u00e3 ou tarde<br \/>Dura\u00e7\u00e3o: 4 horas<br \/>Vagas: 20 em cada turno<br \/>Local: Salas de aula 211 \u2013 Bloco Salas<\/p>\n<p>T\u00edtulo: Desenvolvimento de um CRUD usando NodeJS, Express e MongoDB<br \/>Ministrantes: Me. Diego Porcellis<br \/>Turno: Noite<br \/>Vagas: 26<br \/>Local: Laborat\u00f3rio de inform\u00e1tica 1<\/p>\n<p>T\u00edtulo: UI &amp; UX na Pr\u00e1tica com Figma<br \/>Ministrantes: Leonardo Arantes<br \/>Turno: Noite<br \/>Vagas: 18<br \/>Local: Laborat\u00f3rio de inform\u00e1tica 2<\/p>\n<p>T\u00edtulo: Teste de software automatizado com JUnit e Selenium<br \/>Ministrantes: Dr. Alessandro Dias e Esp. Bryan Paiva<br \/>Turno: Noite<br \/>Vagas: 30<br \/>Local: Laborat\u00f3rio de inform\u00e1tica 3<\/p>\n<p>T\u00edtulo: Desenvolvimento de Jogos 2D com Unity<br \/>Ministrantes: Lucas Pinto e Marco Santos<br \/>Turno: Noite<br \/>Vagas: 26<br \/>Local: Laborat\u00f3rio de inform\u00e1tica 4<\/p>\n\n\n<p><\/p>\n","protected":false},"excerpt":{"rendered":"<p>09 de novembro de 2022 NOITE 19:00 &#8211; Apresenta\u00e7\u00e3o Cultural19:30 &#8211; Palestra de Abertura do Evento &#8211; &#8220;Ci\u00eancia e Tecnologia em Tempos de Pandemia&#8221; &#8211; Daniel Arsand 10 de novembro de 2022 MANH\u00c3 08:30 \u2013 12:00 &#8211; Apresenta\u00e7\u00e3o de p\u00f4steres &#8211; Ensino Fundamental08:30 \u2013 12:00 &#8211; Oficinas e Minicursos09:00 \u2013 10:00 &#8211; Avalia\u00e7\u00e3o dos P\u00f4steres [&hellip;]<\/p>\n","protected":false},"author":1,"featured_media":0,"parent":0,"menu_order":0,"comment_status":"closed","ping_status":"closed","template":"","meta":[],"_links":{"self":[{"href":"http:\/\/www2.bage.ifsul.edu.br\/encif2022\/index.php\/wp-json\/wp\/v2\/pages\/7"}],"collection":[{"href":"http:\/\/www2.bage.ifsul.edu.br\/encif2022\/index.php\/wp-json\/wp\/v2\/pages"}],"about":[{"href":"http:\/\/www2.bage.ifsul.edu.br\/encif2022\/index.php\/wp-json\/wp\/v2\/types\/page"}],"author":[{"embeddable":true,"href":"http:\/\/www2.bage.ifsul.edu.br\/encif2022\/index.php\/wp-json\/wp\/v2\/users\/1"}],"replies":[{"embeddable":true,"href":"http:\/\/www2.bage.ifsul.edu.br\/encif2022\/index.php\/wp-json\/wp\/v2\/comments?post=7"}],"version-history":[{"count":38,"href":"http:\/\/www2.bage.ifsul.edu.br\/encif2022\/index.php\/wp-json\/wp\/v2\/pages\/7\/revisions"}],"predecessor-version":[{"id":595,"href":"http:\/\/www2.bage.ifsul.edu.br\/encif2022\/index.php\/wp-json\/wp\/v2\/pages\/7\/revisions\/595"}],"wp:attachment":[{"href":"http:\/\/www2.bage.ifsul.edu.br\/encif2022\/index.php\/wp-json\/wp\/v2\/media?parent=7"}],"curies":[{"name":"wp","href":"https:\/\/api.w.org\/{rel}","templated":true}]}}